
24
Let h(c) = -13*c**2 + 145*c - 370. Calculate h(7).
8
Let i(d) = -d**2 + 122*d + 608. Calculate i(-5).
-27
Let k(m) = m**3 + 14*m**2 - 44*m + 111. What is k(-17)?
-8
Let r(h) = -8*h**2 + 13*h + 15. Calculate r(3).
-18
Let z(t) = -t**3 + 29*t**2 - 101*t + 19. Give z(25).
-6
Let p(g) = 6*g**2 - 64*g - 135. What is p(-2)?
17
Let z(m) = -m**2 + 59*m + 934. Calculate z(72).
-2
Let w(y) = -15*y**2 - 142*y - 87. Calculate w(-9).
-24
Let a(f) = 2*f**3 - 143*f**2 + 68*f + 211. Give a(71).
-2
Let z(m) = -m**2 + 173*m - 7313. Give z(76).
59
Let t(i) = i + 21. Calculate t(-10).
11
Let o(l) = -11*l**3 + 6*l**2 - 2*l - 2. Give o(1).
-9
Let z(r) = -26*r + 406. Calculate z(14).
42
Let u(f) = -3*f**3 + 3*f**2 - 6*f + 10. Determine u(3).
-62
Let c(x) = -230*x - 1359. Determine c(-6).
21
Let y(c) = 118*c - 802. Calculate y(7).
24
Let f(w) = -259*w + 19961. What is f(77)?
18
Let q(k) = -k**2 + 34*k - 194. Determine q(9).
31
Let x(o) = 10*o**2 + 13*o - 35. Give x(-6).
247
Let o(p) = -70*p + 512. Calculate o(10).
-188
Let z(o) = -o**2 + 14*o - 5. What is z(15)?
-20
Let v(b) = 23*b**3 - b**2 + 17*b - 25. Calculate v(2).
189
Let s(m) = -m**3 + 4*m**2 + m + 86. Determine s(6).
20
Let b(f) = -144*f + 2698. Calculate b(19).
-38
Let c(n) = n**3 + 26*n**2 + 27*n + 44. Determine c(-25).
-6
Let v(i) = -2*i**3 - 50*i**2 + 112*i + 102. Determine v(-27).
-6
Let n(v) = 5*v**2 + 62*v - 123. Calculate n(-14).
-11
Let g(r) = -r**2 + 151*r + 4210. Determine g(-24).
10
Let t(n) = -n**3 - 8*n**2 + 38*n - 122. Calculate t(-12).
-2
Let o(n) = n**2 - 205*n - 5995. What is o(-26)?
11
Let p(o) = 2*o**2 - 79*o + 608. Calculate p(30).
38
Let z(p) = -p**3 - 9*p**2 + 61*p + 42. What is z(4)?
78
Let j(o) = o**3 + 21*o**2 - 72*o - 1094. Calculate j(-22).
6
Let h(u) = 16*u + 372. Calculate h(-32).
-140
Let g(k) = 421*k + 804. Calculate g(-2).
-38
Let m(n) = -11*n**2 - 60*n - 10. Calculate m(0).
-10
Let s(m) = 7*m**2 - 49*m + 3. Calculate s(6).
-39
Let h(l) = -l**2 + 46*l - 312. What is h(37)?
21
Let a(c) = c**3 - 52*c**2 - 49*c + 105. Calculate a(53).
317
Let w(l) = 60*l + 645. What is w(-12)?
-75
Let g(k) = -1043*k + 3123. Determine g(3).
-6
Let z(y) = y**3 + 57*y**2 + 355*y + 258. Give z(-50).
8
Let j(r) = 62*r**3 - 45*r**2 - 97*r - 2. Determine j(-2).
-484
Let w(z) = 261*z + 777. Give w(-3).
-6
Let j(g) = -11*g**3 + 1979*g**2 + 180*g - 2. Calculate j(180).
-2
Let r(s) = 18*s - 216. Calculate r(-24).
-648
Let p(v) = 2*v**2 + 48*v - 673. Give p(-34).
7
Let j(g) = -35*g - 18. Determine j(-3).
87
Let b(r) = r**3 + 51*r**2 + 62*r + 596. Calculate b(-50).
-4
Let h(p) = 6*p**2 - 96*p - 37. Give h(16).
-37
Let x(i) = -i**3 - i**2 - 58*i - 475. Give x(0).
-475
Let v(o) = -98*o**2 + 10*o - 9. Give v(1).
-97
Let m(x) = -15*x**2 - 27*x + 254. Calculate m(-5).
14
Let q(l) = -l**2 + 234*l + 5092. Determine q(-20).
12
Let o(h) = h**3 - 3*h**2 + 15*h + 41. Give o(-6).
-373
Let j(y) = 13*y**3 - 5*y**2 - 16*y - 4. Calculate j(-3).
-352
Let i(l) = l**3 + 5*l**2 + 26*l + 194. What is i(-6)?
2
Let r(y) = 181*y + 805. What is r(-5)?
-100
Let u(b) = b**3 + 85*b**2 - 364*b + 15. Calculate u(4).
-17
Let p(m) = 113*m - 6. Give p(2).
220
Let r(f) = -f**3 + 13*f**2 - 37. Determine r(15).
-487
Let g(d) = -d**3 + 16*d**2 - 13*d - 144. Determine g(4).
-4
Let b(g) = -202*g + 47477. Give b(235).
7
Let w(r) = -2*r**3 + 30*r - 64. Determine w(2).
-20
Let n(l) = -5086*l - 40697. Determine n(-8).
-9
Let b(d) = 2*d**3 - 73*d**2 + 35*d + 39. What is b(36)?
3
Let c(p) = -16*p**3 - 3*p**2 + 73*p + 73. Give c(-1).
13
Let c(n) = 2*n**3 - 2*n**2 - 5*n + 62. What is c(-3)?
5
Let n(h) = -2*h**2 + 70*h + 1334. Determine n(-14).
-38
Let s(j) = 67*j + 323. Give s(-7).
-146
Let g(j) = 4*j**3 - 52*j**2 - j - 26. Calculate g(13).
-39
Let o(s) = -87*s**2 + 20*s + 18. Determine o(-1).
-89
Let h(b) = 796*b - 19932. What is h(25)?
-32
Let u(z) = 24*z**2 + 138*z + 101. What is u(-5)?
11
Let i(d) = d**3 - 68*d**2 + 427*d + 17. Give i(61).
17
Let h(d) = -d**3 + 81*d**2 + 80*d + 156. What is h(82)?
-8
Let n(x) = 4*x**2 + 218*x + 498. Calculate n(-52).
-22
Let w(x) = x**3 + 10*x**2 + 3*x - 25. What is w(-9)?
29
Let x(t) = -t**3 + 11*t**2 + 43*t + 23. Give x(13).
244
Let h(u) = -u**3 - 3*u**2 - 9*u + 16. Give h(-4).
68
Let m(q) = 16*q**3 - q**2 - 18*q + 19. Give m(1).
16
Let q(l) = -10*l**2 + 7*l - 9. Determine q(2).
-35
Let b(p) = p**3 + 21*p**2 - 55*p - 1494. Give b(-20).
6
Let t(d) = -2*d**2 + 1854*d + 14930. Determine t(-8).
-30
Let o(r) = r**3 + r**2 + 13*r - 29. Determine o(0).
-29
Let b(g) = 123*g + 2326. Give b(-19).
-11
Let c(r) = -r**2 + 92*r + 1123. Determine c(103).
-10
Let s(b) = b**3 - 8*b**2 + 945*b - 7555. Determine s(8).
5
Let g(l) = l**3 + 33*l**2 + 264*l + 252. What is g(-11)?
10
Let f(w) = 102*w + 406. Give f(-4).
-2
Let m(k) = 963*k + 6644. What is m(-7)?
-97
Let s(x) = -x**3 - 8*x**2 + 24*x + 67. Determine s(-10).
27
Let f(z) = -z**2 + 5*z + 5. What is f(7)?
-9
Let s(r) = 16*r**2 + 6*r - 16. Give s(-3).
110
Let g(r) = 189*r - 2262. Give g(12).
6
Let j(q) = -5*q**2 - 210*q + 11. Give j(-42).
11
Let l(x) = -137*x - 1615. Determine l(-9).
-382
Let n(j) = 24*j + 207. Give n(-14).
-129
Let v(p) = 139*p + 1979. What is v(-14)?
33
Let l(d) = -15*d**2 - 334*d - 1315. What is l(-4)?
-219
Let o(l) = 14*l**2 + 1232*l + 10. Give o(-88).
10
Let r(c) = 24*c**3 - 27*c**2 - 30*c - 2. Give r(-1).
-23
Let i(z) = z**3 + 52*z**2 + 50*z - 30. Give i(-51).
21
Let s(t) = 4*t**2 - 405*t - 774. Determine s(103).
-53
Let z(i) = 586*i + 1686. What is z(-3)?
-72
Let u(q) = -57*q + 52. What is u(1)?
-5
Let u(t) = 1839*t - 3673. Calculate u(2).
5
Let f(u) = u**2 + 16*u + 60. Calculate f(-8).
-4
Let i(m) = 2*m**3 + 282*m**2 + 1358*m - 279. Determine i(-136).
-7
Let l(v) = v**3 + 11*v**2 + 4*v + 1. What is l(-8)?
161
Let f(i) = -2*i**2 + 84*i - 490. Calculate f(34).
54
Let o(y) = y**3 + 44*y**2 + 86*y + 90. Give o(-42).
6
Let i(d) = 4*d**2 + 2*d - 150. Determine i(5).
-40
Let t(x) = x**3 + 6*x**2 - 43*x + 159. Calculate t(-11).
27
Let p(g) = g**3 - 6*g**2 + 31*g + 5. Determine p(5).
135
Let l(x) = x**2 + 131*x + 178. What is l(-130)?
48
Let n(h) = -h**3 - 8*h**2 - 27*h - 94. Determine n(-4).
-50
Let w(y) = -y**3 + y**2 - 7*y - 13. Calculate w(6).
-235
Let a(h) = -2*h**2 + 314*h + 1844. Calculate a(-6).
-112
Let s(i) = -i**3 - 12*i**2 - 20*i - 93. Calculate s(-12).
147
Let y(z) = -25*z**3 + 115*z**2 + 117*z + 2. Determine y(-1).
25
Let c(o) = -o**3 - 33*o**2 + 1214*o + 215. Determine c(-55).
-5
Let z(l) = -58*l**2 + 7*l + 8. Determine z(-1).
-57
Let q(n) = 11*n**2 - 963*n + 520. Determine q(87).
-2
Let c(v) = 3*v - 15. Give c(21).
48
Let q(m) = 13*m**2 - 4*m - 3. Give q(-1).
14
Let q(a) = 68*a**2 - 2*a + 1. Determine q(1).
67
Let p(n) = 2*n**3 - 8*n**2 + 17*n - 35. What is p(5)?
100
Let v(o) = 2*o**3 + 37*o**2 + 70*o + 582. Give v(-17).
259
Let q(y) = -y**3 - 33*y**2 - 66*y - 132. Give q(-31).
-8
Let r(m) = -1034*m + 4128. Give r(4).
-8
Let x(o) = 4118*o + 53525. What is x(-13)?
-9
Let w(i) = -4*i**2 - 206*i - 856. What is w(-4)?
-96
Let j(b) = -b**3 + 31*b**2 - 211*b + 68. Calculate j(21).
47
Let h(m) = -m**2 + 37*m + 73. Calculate h(-2).
-5
Let n(j) = -j**2 + 4578*j + 4579. What is n(-1)?
0
Let y(h) = 66*h + 151. What is y(-11)?
-575
Let t(n) = 49*n - 251. Calculate t(5).
-6
Let y(x) = 24*x + 1040. Give y(-43).
8
Let m(n) = 5*n - 168. Determine m(38).
22
Let f(t) = 18*t**2 - 4*t + 17. Determine f(7).
871
Let a(y) = -y**2 - 280*y + 3189. What is a(11)?
-12
Let o(r) = 31*r - 3687. What is o(119)?
2
Let x(h) = -3*h**3 + 6*h**2 - 25*h + 70. Calculate x(3).
-32
Let c(b) = 2*b**2 - 65*b + 145. Determine c(30).
-5
Let q(i) = -7*i + 285. Determine q(39).
12
Let r(t) = t**3 - 41*t**2 - 126*t - 266. Calculate r(44).
-2
Let r(m) = -5*m**3 - 47*m**2 + m + 169. Determine r(-9).
-2
Let v(k) = -2*k**2 - 162*k + 980. Determine v(6).
-64
Let n(p) = 7*p**3 + 246*p**2 + 36*p + 55. What is n(-35)?
20
Let o(w) = 104*w - 924. What is o(9)?
12
Let t(u) = -122*u**2 - 849*u + 29. Calculate t(-7).
-6
Let s(c) = 28367*c + 85103. What is s(-3)?
2
Let z(d) = -5*d**2 - 30*d - 33. Calculate z(-6).
-33
Let f(x) = -x**3 + 48*x**2 - 167*x - 211. Give f(5).
29
Let i(s) = -5*s**2 - 23*s + 47. Calculate i(-11).
-305
Let t(h) = -h**2 - 23*h + 89. Determine t(-28).
-51
Let u(l) = l**3 - 19*l*